it of n?
0
Suppose 5*m - 24 = 3*w, -45*w + 9 = 4*m - 44*w. Suppose -4*g + 5940 = 5*z, -g = z - m*g - 1202. What is the hundreds digit of z?
1
Let i(a) = -32*a**2 + 215*a + 7. What is the hundreds digit of i(4)?
3
Suppose -v + 6 + 1 = -2*y, 0 = -3*v + 4*y + 13. What is the hundreds digit of 0 + v - (-1326)/3?
4
Suppose 17*t - 21*t + a + 2962 = 0, 0 = 5*a - 10. What is the units digit of t?
1
Suppose 0 = -f + 2*u + 4 + 2, 4*u + 40 = -5*f. What is the units digit of (-12)/30 + f/30*-1713?
8
Suppose -5*c - 5 = 2*u, 5*c - 7*c - 16 = -2*u. Suppose 5*n - 2705 - 1278 = -3*q, -3*n = -u*q + 6627. What is the units digit of q?
6
Suppose 0 = 9*a + 34 - 106. Suppose 0 = 2*i - 4*i - a. What is the tens digit of (-7 - i)*1 + 94?
9
Suppose 0 = 6*a - 33*a - 432. What is the tens digit of 136*(2 - 1) + (-18 - a)?
3
Suppose -4*z + 12*p - 13*p + 7203 = 0, 3*z - p - 5397 = 0. What is the units digit of z?
0
Suppose 5*c - t = 3*c, 3*t = -4*c. Suppose -31 - 214 = -2*w + 5*r, c = 2*w + 2*r - 224. What is the units digit of w?
5
Suppose -162 + 141 = -7*n. What is the hundreds digit of (15/n + -8)*(-2954)/6?
4
Let h(l) = -l**3 - 82*l**2 + 362*l + 696. What is the ten thousands digit of h(-91)?
4
Let g = -50 - -55. Suppose 0 = -2*x + x - 2*q - 1, -3*x = g*q + 4. What is the units digit of ((-66)/x)/1 - 4?
8
Suppose -4*f + 62692 = -2*d, f - 4*d + 1790 = 17470. What is the ten thousands digit of f?
1
Let j(d) = -4*d - 10. Let g be j(-3). What is the hundreds digit of (4 - 330)/(-1*g)?
1
Suppose 34960 = 15*p + 11080. Let u = -972 + p. What is the tens digit of u?
2
Let i = 2857 + 3343. What is the units digit of i?
0
Suppose -4*u + 267 = 259. What is the tens digit of -7 + 223 + -10 - (-10)/u?
1
Suppose 11*a + 26 = 70. Let t = 15 + -13. Suppose a*o - 208 = -5*s + 2*s, -t*o = 5*s - 356. What is the tens digit of s?
7
Let f(q) = -2*q**2 - 44*q - 6. Let g be f(-22). What is the hundreds digit of 380 + (g + 3 - -8)?
3
Let j be 9/(-12)*8/(-2). Let t(b) = b**3 + 13*b**2 - 4*b - 52. Let h be t(-13). Suppose -4*k + 12 = h, -j*p + 0*k = -5*k - 75. What is the units digit of p?
0
Let b(g) = -5*g**2 - 2 + 4*g**2 + 9*g**3 + 0*g**3 + 4*g**3 + g. Suppose 2*j + 4*n = -j - 6, 5*j - 7 = -n. What is the units digit of b(j)?
0
Let t be -4*(-1)/(-14) - (-6197)/7. Suppose -35*r + 32*r + t = 0. What is the tens digit of r?
9
Let v(y) = 63*y**2 - 10*y - 15. Let p(c) = -31*c**2 + 4*c + 7. Let k(w) = -9*p(w) - 4*v(w). What is the units digit of k(1)?
8
Suppose -v - 4*b + 39 + 29 = 0, -2*v + 7*b + 121 = 0. Let t(o) = o**3 - 3*o**2 - 2*o - 3. Let d be t(-3). Let f = d + v. What is the tens digit of f?
1
Let g be 48/26 - (-30)/195. Suppose g*t + 3069 = 3*y, 3164 = 4*y + t - 917. Suppose 8*d = -229 + y. What is the tens digit of d?
9
Let w(o) = -1004*o + 430. What is the units digit of w(-19)?
6
What is the ten thousands digit of 9 - (-1190769)/58*(-6)/(-9)?
1
Let t be 10 - -3745 - (-5 + 4). Suppose -392*y + t = -388*y. What is the tens digit of y?
3
Let w(j) = -5746*j - 180. What is the units digit of w(-1)?
6
Let d(h) = 8*h + 62. Let x be d(-11). What is the tens digit of (-9 + -17)*2/(4/x)?
3
Suppose -5*t = -2*t - 531. What is the units digit of (t - -33) + 5*-1?
5
Suppose 0*u + 21 = 3*u. Let r = -2 + u. Let s = r - -4. What is the units digit of s?
9
Let z(i) = -2*i**3 + 71*i**2 - 135*i + 171. What is the hundreds digit of z(28)?
1
Let o be -110*(0 + 532/(-8)). Suppose o = 10*a + 9*a. What is the units digit of a?
5
Let k(d) = -10189*d + 4946. What is the thousands digit of k(-3)?
5
Let v(i) be the first derivative of i**4/3 - i**3/3 - 3*i**2/2 - 9*i + 23. Let w(c) be the first derivative of v(c). What is the units digit of w(-2)?
7
Suppose -h = 2*c - 0*c - 9, -5*c = h - 21. Suppose -9*m = 2*z - 6*m - 2387, -m - h = 0. What is the units digit of z?
5
Let z = 17877 - 3060. What is the hundreds digit of z?
8
Suppose -93329 = -3*d + z, -4*d + 124446 = 1129*z - 1134*z. What is the ten thousands digit of d?
3
Let z(v) = 21*v**2 - 8*v - 16. Let i be z(-6). Suppose -2*q + i = 5*o, -3*o + 753 = 4*q - 837. What is the units digit of q?
9
Let v(f) = f**2 + 8*f - 18. Let s be v(-10). Suppose c - 5*m - 3 = 0, 0*c - s*c + 6 = -m. What is the hundreds digit of c*2/(-24) - (-813)/4?
2
Let r be (-12)/7*2*(-4655)/70. Let k(x) = 13*x - 2. Let p be k(4). Let j = r - p. What is the hundreds digit of j?
1
Let z = -6654 + 13561. What is the hundreds digit of z?
9
Suppose -6*x = -11*x + 4985. Suppose -5*s = -688 - x. What is the units digit of s?
7
Let c = 58337 + -34095. What is the thousands digit of c?
4
Let d(m) be the second derivative of -1/20*m**5 + 6*m - 13/2*m**2 + 0 - 5/2*m**3 + 7/6*m**4. What is the units digit of d(12)?
5
Suppose -29490 - 182813 = -99*t + 550294. What is the hundreds digit of t?
7
Suppose -3*h = x - 166 - 63, 0 = x - 3*h - 229. Let a = -19 - -22. Suppose 3*z - x = -s, a*z - 699 = -3*s + 6*z. What is the tens digit of s?
3
Let z be 0*(-4 - -3) + 4215. Suppose -12*h + z = 3*h. What is the units digit of h?
1
Suppose 2*k = 6*k + 28. Let r = 10 + k. Suppose 555 = 5*d - p, 0 = -r*d - 0*d - 5*p + 333. What is the units digit of d?
1
Let x(s) = -5*s**3 + s**2 + 4*s + 4. Let u be x(6). Let t be 2*3/(-30) - u/(-20). Let j = -29 - t. What is the tens digit of j?
2
Suppose -20 = -2*u + m, 0 = -0*u - u + 5*m + 10. Let i be (-46)/u + 27/45. Let r = i - -23. What is the tens digit of r?
1
Let b = 10076 - 5600. What is the hundreds digit of b?
4
Let m = -12 - -15. Let r be (4 + -12 - -3) + m. What is the units digit of (67 - r) + 6 + -1 + -2?
2
Let d = 2807 + -845. Suppose -3*w + 1768 - 289 = p, 0 = -4*w + 2*p + d. What is the hundreds digit of w?
4
Suppose 5*n = 81*n - 387676. What is the tens digit of n?
0
Let j = 23412 + -16026. What is the tens digit of j?
8
Suppose 2*d - 4866 - 7280 = 0. What is the hundreds digit of d?
0
Suppose 2*d = -12586 - 6422. What is the tens digit of ((-1)/3)/(48/d)?
6
Suppose -523071 + 377768 = -145*r + 1527997. What is the tens digit of r?
4
Let u = 43 - -137. Let h = 361 - u. What is the units digit of h?
1
Suppose 108*m - 107*m = 198. What is the hundreds digit of m?
1
Let o(s) = -s**3 - 18*s**2 + 20*s + 25. Let d be o(-19). Suppose -w = p - 72, d*w + 5*p - 220 = 3*w. What is the units digit of w?
0
Let j be -3 + (1 + 7 - (-1 - -2)). Suppose -x - 349 = 10*b - 12*b, -j*b + 701 = -5*x. What is the units digit of b?
4
What is the units digit of (6954 - 136) + (-9 - -2)?
1
Suppose -3*c = -3*k + 15, 33 = 4*c - 9*c + k. Let d(f) = -3*f**3 - 10*f**2 + 5*f + 14. What is the units digit of d(c)?
8
Let b be 33530/45 - 1/9. Let c = b + -402. What is the tens digit of c?
4
Let q(w) = 203*w + 718. What is the tens digit of q(4)?
3
Suppose -2*p - 2*g + 712 = 0, -4*p + 7*g - 9*g + 1426 = 0. Let a = 292 + p. What is the tens digit of a?
4
Let h(c) = -c - 5. Let q be h(-7). Suppose -27*n + 26*n + q*a + 454 = 0, -1823 = -4*n + a. What is the units digit of n?
6
Let m = 0 - -8. Let t be 48/((-6)/15*(-15)/m). Suppose 62 = 6*g - t. What is the units digit of g?
1
Let m(p) = 6*p + 1451. Suppose -b - 2*b = -2*b. What is the tens digit of m(b)?
5
Suppose -5*s + 13 = -2*b, 2*s = s - 2*b + 5. Suppose -s*j + 249 + 720 = 0. What is the tens digit of j?
2
Suppose -3*u + s - 4*s + 255 = 0, u = -4*s + 73. Suppose 0 = -3*n + 112 + u. What is the units digit of (n/3 + -3)*3?
8
Suppose -18*n + 18480 = -10*n. Let m = -1134 + n. What is the units digit of m?
6
What is the units digit of ((-2819)/(-1))/((-217)/(-455) - 4/10)?
7
Let h = 12 + -8. Suppose -14*g = -9*g - 25. Suppose -2*d - o + 178 = 0, h*o - 5*o = g*d - 439. What is the units digit of d?
7
Let s(o) = -12*o**3 + 2*o**2 - 1. Let q = -40 - -80. Suppose -6 = 43*d - q*d. What is the units digit of s(d)?
3
Suppose 3*p = 2*p + 20. Suppose -p = -14*v + 10*v. Suppose 0 = v*x - 440 - 215. What is the hundreds digit of x?
1
Let v(o) = o**3 + 12*o**2 + 7*o - 2. Let d(c) be the first derivative of -3*c**2/2 - 81*c + 15. Let x be d(-24). What is the hundreds digit of v(x)?
1
Let g be (-2)/3 + 4592/21. Let b = -80 + g. What is the tens digit of b?
3
Let x(q) = -q**2 - q + 1. Let w(g) be the second derivative of 5*g**4/12 - g**3 - 13*g**2 - 3*g. Let m(t) = w(t) + 3*x(t). What is the units digit of m(-6)?
3
Let n(m) = -m**2 - 7*m + 25. Let t be n(10). Let v